{"id":29,"date":"2017-09-05T11:46:31","date_gmt":"2017-09-05T09:46:31","guid":{"rendered":"http:\/\/nvz.eyellusion.ch\/nvz\/?page_id=29"},"modified":"2025-11-04T14:41:10","modified_gmt":"2025-11-04T13:41:10","slug":"46-internationale-muenzenmesse-zuerich","status":"publish","type":"page","link":"https:\/\/nvz-ch.org\/?page_id=29","title":{"rendered":"M\u00fcnzenmesse Z\u00fcrich"},"content":{"rendered":"<h2>Erfolgreiche 53. M\u00fcnzenmesse Z\u00fcrich, 26. Oktober 2025, Marriott Hotel Z\u00fcrich, Sonntag 09.00-16.00 Uhr<\/h2>\n<p>Der Numismatische Verein Z\u00fcrich blickt auf eine rundum gelungene M\u00fcnzenmesse 2025 zur\u00fcck. Wir bedanken uns herzlich bei allen Ausstellerinnen und Ausstellern sowie bei den zahlreichen Besucherinnen und Besuchern, die zum Gelingen der Veranstaltung beigetragen haben. Dieses positive Ergebnis war nur durch das Engagement und die Unterst\u00fctzung aller Beteiligten m\u00f6glich.<\/p>\n<p>Eintrittspreis: 10.- CHF (f\u00fcr NVZ-Mitglieder gratis)<br \/>Early bird ticket (ab 7.30 Uhr): \u00a0100.- CHF (f\u00fcr NVZ-Mitglieder 50.- CHF)<\/p>\n<p>Adresse:<br \/>Marriott Hotel Z\u00fcrich, Neum\u00fchlequai 42, 8006 Z\u00fcrich, Schweiz<\/p>\n<p><a href=\"http:\/\/nvz-ch.org\/wp-content\/uploads\/2017\/09\/Anfahrt-Auto_Approach-by-Car.pdf\">Anfahrt Auto\/Approach by Car<\/a><\/p>\n<p>Webseite: <a href=\"https:\/\/www.marriott.com\/hotels\/travel\/zrhdt-zurich-marriott-hotel\/?scid=bb1a189a-fec3-4d19-a255-54ba596febe2&amp;y_source=1_MjUyMzk0NS03MTUtbG9jYXRpb24uZ29vZ2xlX3dlYnNpdGVfb3ZlcnJpZGU%3D\">Marriott Hotel Z\u00fcrich<\/a><\/p>\n\n\n<div class=\"wp-block-file\"><object class=\"wp-block-file__embed\" data=\"https:\/\/nvz-ch.org\/wp-content\/uploads\/2025\/10\/Saalplan.pdf\" type=\"application\/pdf\" style=\"width:100%;height:600px\" aria-label=\"Einbettung von Saalplan.\"><\/object><a id=\"wp-block-file--media-39241ab0-3d3d-4016-953b-16e9429fe8f1\" href=\"https:\/\/nvz-ch.org\/wp-content\/uploads\/2025\/10\/Saalplan.pdf\">Saalplan<\/a><a href=\"https:\/\/nvz-ch.org\/wp-content\/uploads\/2025\/10\/Saalplan.pdf\" class=\"wp-block-file__button wp-element-button\" download aria-describedby=\"wp-block-file--media-39241ab0-3d3d-4016-953b-16e9429fe8f1\">Herunterladen<\/a><\/div>\n\n\n\n<div class=\"wp-block-file\"><object class=\"wp-block-file__embed\" data=\"https:\/\/nvz-ch.org\/wp-content\/uploads\/2025\/10\/Geldfieber.pdf\" type=\"application\/pdf\" style=\"width:100%;height:600px\" aria-label=\"Einbettung von Geldfieber.\"><\/object><a id=\"wp-block-file--media-44221e16-f2b1-4a27-bd8f-eaa8e6a9825e\" href=\"https:\/\/nvz-ch.org\/wp-content\/uploads\/2025\/10\/Geldfieber.pdf\">Geldfieber<\/a><a href=\"https:\/\/nvz-ch.org\/wp-content\/uploads\/2025\/10\/Geldfieber.pdf\" class=\"wp-block-file__button wp-element-button\" download aria-describedby=\"wp-block-file--media-44221e16-f2b1-4a27-bd8f-eaa8e6a9825e\">Herunterladen<\/a><\/div>\n\n\n\n<div class=\"wp-block-file\"><object class=\"wp-block-file__embed\" data=\"https:\/\/nvz-ch.org\/wp-content\/uploads\/2025\/10\/Editorial-1.pdf\" type=\"application\/pdf\" style=\"width:100%;height:600px\" aria-label=\"Einbettung von Editorial-1.\"><\/object><a id=\"wp-block-file--media-2c937ae9-3a8e-4618-9753-e89f07174611\" href=\"https:\/\/nvz-ch.org\/wp-content\/uploads\/2025\/10\/Editorial-1.pdf\">Editorial-1<\/a><a href=\"https:\/\/nvz-ch.org\/wp-content\/uploads\/2025\/10\/Editorial-1.pdf\" class=\"wp-block-file__button wp-element-button\" download aria-describedby=\"wp-block-file--media-2c937ae9-3a8e-4618-9753-e89f07174611\">Herunterladen<\/a><\/div>\n\n\n\n<div class=\"wp-block-file\"><object class=\"wp-block-file__embed\" data=\"https:\/\/nvz-ch.org\/wp-content\/uploads\/2025\/10\/Maschinen-im-Zusammenhang-mit-Geld.pdf\" type=\"application\/pdf\" style=\"width:100%;height:600px\" aria-label=\"Einbettung von Maschinen-im-Zusammenhang-mit-Geld.\"><\/object><a id=\"wp-block-file--media-1c5a34a6-2de1-4270-8a19-9f95db1bdb70\" href=\"https:\/\/nvz-ch.org\/wp-content\/uploads\/2025\/10\/Maschinen-im-Zusammenhang-mit-Geld.pdf\">Maschinen-im-Zusammenhang-mit-Geld<\/a><a href=\"https:\/\/nvz-ch.org\/wp-content\/uploads\/2025\/10\/Maschinen-im-Zusammenhang-mit-Geld.pdf\" class=\"wp-block-file__button wp-element-button\" download aria-describedby=\"wp-block-file--media-1c5a34a6-2de1-4270-8a19-9f95db1bdb70\">Herunterladen<\/a><\/div>\n","protected":false},"excerpt":{"rendered":"<p>Erfolgreiche 53. M\u00fcnzenmesse Z\u00fcrich, 26. Oktober 2025, Marriott Hotel Z\u00fcrich, Sonntag 09.00-16.00 Uhr Der Numismatische Verein Z\u00fcrich blickt auf eine rundum gelungene M\u00fcnzenmesse 2025 zur\u00fcck. Wir bedanken uns herzlich bei allen Ausstellerinnen und Ausstellern sowie bei den zahlreichen Besucherinnen und Besuchern, die zum Gelingen der Veranstaltung beigetragen haben. Dieses positive Ergebnis war nur durch das &hellip; <\/p>\n<p class=\"link-more\"><a href=\"https:\/\/nvz-ch.org\/?page_id=29\" class=\"more-link\"><span class=\"screen-reader-text\">&#171;M\u00fcnzenmesse Z\u00fcrich&#187;<\/span> weiterlesen<\/a><\/p>\n","protected":false},"author":1,"featured_media":0,"parent":0,"menu_order":0,"comment_status":"closed","ping_status":"closed","template":"","meta":[],"_links":{"self":[{"href":"https:\/\/nvz-ch.org\/index.php?rest_route=\/wp\/v2\/pages\/29"}],"collection":[{"href":"https:\/\/nvz-ch.org\/index.php?rest_route=\/wp\/v2\/pages"}],"about":[{"href":"https:\/\/nvz-ch.org\/index.php?rest_route=\/wp\/v2\/types\/page"}],"author":[{"embeddable":true,"href":"https:\/\/nvz-ch.org\/index.php?rest_route=\/wp\/v2\/users\/1"}],"replies":[{"embeddable":true,"href":"https:\/\/nvz-ch.org\/index.php?rest_route=%2Fwp%2Fv2%2Fcomments&post=29"}],"version-history":[{"count":52,"href":"https:\/\/nvz-ch.org\/index.php?rest_route=\/wp\/v2\/pages\/29\/revisions"}],"predecessor-version":[{"id":550,"href":"https:\/\/nvz-ch.org\/index.php?rest_route=\/wp\/v2\/pages\/29\/revisions\/550"}],"wp:attachment":[{"href":"https:\/\/nvz-ch.org\/index.php?rest_route=%2Fwp%2Fv2%2Fmedia&parent=29"}],"curies":[{"name":"wp","href":"https:\/\/api.w.org\/{rel}","templated":true}]}}