{"id":33,"date":"2017-09-05T11:47:31","date_gmt":"2017-09-05T09:47:31","guid":{"rendered":"http:\/\/nvz.eyellusion.ch\/nvz\/?page_id=33"},"modified":"2022-03-09T09:15:33","modified_gmt":"2022-03-09T08:15:33","slug":"statuten-nvz","status":"publish","type":"page","link":"http:\/\/nvz-ch.org\/?page_id=33","title":{"rendered":"Statuten NVZ"},"content":{"rendered":"<h2>Statuten des Numismatischen Vereins Z\u00fcrich<\/h2>\n<p>Die aktuellen Statuten des Numismatischen Vereins Z\u00fcrich k\u00f6nnen <a href=\"http:\/\/nvz-ch.org\/wp-content\/uploads\/2017\/09\/Statuten.pdf\">hier<\/a> als PDF-Dokument heruntergeladen werden.<\/p>\n","protected":false},"excerpt":{"rendered":"<p>Statuten des Numismatischen Vereins Z\u00fcrich Die aktuellen Statuten des Numismatischen Vereins Z\u00fcrich k\u00f6nnen hier als PDF-Dokument heruntergeladen werden.<\/p>\n","protected":false},"author":1,"featured_media":0,"parent":0,"menu_order":0,"comment_status":"closed","ping_status":"closed","template":"","meta":[],"_links":{"self":[{"href":"http:\/\/nvz-ch.org\/index.php?rest_route=\/wp\/v2\/pages\/33"}],"collection":[{"href":"http:\/\/nvz-ch.org\/index.php?rest_route=\/wp\/v2\/pages"}],"about":[{"href":"http:\/\/nvz-ch.org\/index.php?rest_route=\/wp\/v2\/types\/page"}],"author":[{"embeddable":true,"href":"http:\/\/nvz-ch.org\/index.php?rest_route=\/wp\/v2\/users\/1"}],"replies":[{"embeddable":true,"href":"http:\/\/nvz-ch.org\/index.php?rest_route=%2Fwp%2Fv2%2Fcomments&post=33"}],"version-history":[{"count":11,"href":"http:\/\/nvz-ch.org\/index.php?rest_route=\/wp\/v2\/pages\/33\/revisions"}],"predecessor-version":[{"id":311,"href":"http:\/\/nvz-ch.org\/index.php?rest_route=\/wp\/v2\/pages\/33\/revisions\/311"}],"wp:attachment":[{"href":"http:\/\/nvz-ch.org\/index.php?rest_route=%2Fwp%2Fv2%2Fmedia&parent=33"}],"curies":[{"name":"wp","href":"https:\/\/api.w.org\/{rel}","templated":true}]}}